{"id":109,"date":"2025-03-27T20:49:42","date_gmt":"2025-03-27T20:49:42","guid":{"rendered":"https:\/\/edyflex.com\/ejm\/?page_id=109"},"modified":"2025-03-31T20:50:31","modified_gmt":"2025-03-31T20:50:31","slug":"information-2","status":"publish","type":"page","link":"https:\/\/edyflex.com\/ejm\/?page_id=109&lang=es","title":{"rendered":"INFORMACI\u00d3N"},"content":{"rendered":"\n<h3 class=\"wp-block-heading has-text-align-center\"><br><strong>EJM-PRO-4&nbsp;<br>QR to AUDIO PROGRAM<\/strong><\/h3>\n\n\n\n<p><br>Al escanear el c\u00f3digo QR colocado junto a los objetos expuestos en museos, exposiciones y demostraciones de productos, los visitantes pueden escuchar informaci\u00f3n en varios idiomas en sus tel\u00e9fonos.<br><br>El servicio combina la experiencia visual con la escucha de la explicaci\u00f3n que la acompa\u00f1a, lo que crea un efecto completamente nuevo y mucha m\u00e1s informaci\u00f3n. Esto puede ser informativo, entretenido o educativo. La duraci\u00f3n del soporte de audio es de 4-5 minutos, cada uno de los cuales corresponde a 650-700 palabras de texto escrito.<br><br>Actualmente ofrecemos servicios en cuatro idiomas diferentes: ingl\u00e9s, espa\u00f1ol, franc\u00e9s y alem\u00e1n. Depende del visitante elegir su idioma preferido. Un n\u00famero ilimitado de visitantes podr\u00e1n acceder al servicio para el mismo objeto de exposici\u00f3n, al mismo tiempo y en todos los idiomas. La reproducci\u00f3n de archivos de audio puede variar seg\u00fan el idioma y el visitante.<br><br>A continuaci\u00f3n presentamos el programa del cuadro \u201cLirios\u201d de Vincent Van Gogh y un ejemplar expuesto de la Biblia de Guttenberg.<\/p>\n\n\n\n<div class=\"wp-block-columns are-vertically-aligned-top is-layout-flex wp-container-core-columns-is-layout-1 wp-block-columns-is-layout-flex\">\n<div class=\"wp-block-column is-vertically-aligned-top is-layout-flow wp-block-column-is-layout-flow\">\n<p class=\"has-text-align-center\">Van Gogh: Irises<\/p>\n\n\n\n<figure class=\"wp-block-image aligncenter size-full\"><img loading=\"lazy\" decoding=\"async\" width=\"164\" height=\"164\" src=\"https:\/\/edyflex.com\/ejm\/wp-content\/uploads\/2025\/03\/qr-13.png\" alt=\"\" class=\"wp-image-74\"\/><\/figure>\n<\/div>\n\n\n\n<div class=\"wp-block-column is-vertically-aligned-top is-layout-flow wp-block-column-is-layout-flow\">\n<p class=\"has-text-align-center\">Gutenberg Bible<\/p>\n\n\n\n<figure class=\"wp-block-image aligncenter size-full\"><img loading=\"lazy\" decoding=\"async\" width=\"164\" height=\"164\" src=\"https:\/\/edyflex.com\/ejm\/wp-content\/uploads\/2025\/03\/qr-22.png\" alt=\"\" class=\"wp-image-73\"\/><\/figure>\n<\/div>\n<\/div>\n\n\n\n<p>Lo \u00fanico que se le pide al cliente es una descripci\u00f3n de texto del objeto, el resto de las tareas: traducciones, realizaci\u00f3n de una grabaci\u00f3n de audio y creaci\u00f3n de un cartel junto al objeto exhibido son responsabilidad del programa.<br><br>Si hemos despertado tu inter\u00e9s, en la p\u00e1gina de <a href=\"https:\/\/edyflex.com\/ejm\/?page_id=122&amp;lang=es\" data-type=\"page\" data-id=\"122\">Descripci\u00f3n<\/a> podr\u00e1s conocer en detalle c\u00f3mo funciona el sistema, de qu\u00e9 es capaz el programa EJM-PRO-4 y tambi\u00e9n podr\u00e1s leer informaci\u00f3n sobre el proceso de pedido. Las p\u00e1ginas adicionales incluyen el formulario de pedido necesario para realizar el pedido y el pago con tarjeta de cr\u00e9dito.<br><br>Para cualquier consulta adicional, estamos listos para atender a nuestros clientes en la direcci\u00f3n de correo electr\u00f3nico <a href=\"mailto:ejm-pro@edyflex.com\">ejm-pro@edyflex.com<\/a> o llamando al 760-774-2798 en d\u00edas h\u00e1biles entre las 10 am y las 4 pm (hora est\u00e1ndar del Pac\u00edfico).<\/p>\n\n\n\n<p><\/p>\n","protected":false},"excerpt":{"rendered":"<p>EJM-PRO-4&nbsp;QR to AUDIO PROGRAM Al escanear el c\u00f3digo QR colocado junto a los objetos expuestos en museos, exposiciones y demostraciones [&hellip;]<\/p>\n","protected":false},"author":1,"featured_media":0,"parent":0,"menu_order":0,"comment_status":"closed","ping_status":"closed","template":"","meta":{"site-sidebar-layout":"default","site-content-layout":"","ast-site-content-layout":"","site-content-style":"default","site-sidebar-style":"default","ast-global-header-display":"","ast-banner-title-visibility":"","ast-main-header-display":"","ast-hfb-above-header-display":"","ast-hfb-below-header-display":"","ast-hfb-mobile-header-display":"","site-post-title":"disabled","ast-breadcrumbs-content":"","ast-featured-img":"","footer-sml-layout":"","theme-transparent-header-meta":"","adv-header-id-meta":"","stick-header-meta":"","header-above-stick-meta":"","header-main-stick-meta":"","header-below-stick-meta":"","astra-migrate-meta-layouts":"default","ast-page-background-enabled":"default","ast-page-background-meta":{"desktop":{"background-color":"var(--ast-global-color-5)","background-image":"","background-repeat":"repeat","background-position":"center center","background-size":"auto","background-attachment":"scroll","background-type":"","background-media":"","overlay-type":"","overlay-color":"","overlay-opacity":"","overlay-gradient":""},"tablet":{"background-color":"","background-image":"","background-repeat":"repeat","background-position":"center center","background-size":"auto","background-attachment":"scroll","background-type":"","background-media":"","overlay-type":"","overlay-color":"","overlay-opacity":"","overlay-gradient":""},"mobile":{"background-color":"","background-image":"","background-repeat":"repeat","background-position":"center center","background-size":"auto","background-attachment":"scroll","background-type":"","background-media":"","overlay-type":"","overlay-color":"","overlay-opacity":"","overlay-gradient":""}},"ast-content-background-meta":{"desktop":{"background-color":"var(--ast-global-color-4)","background-image":"","background-repeat":"repeat","background-position":"center center","background-size":"auto","background-attachment":"scroll","background-type":"","background-media":"","overlay-type":"","overlay-color":"","overlay-opacity":"","overlay-gradient":""},"tablet":{"background-color":"var(--ast-global-color-4)","background-image":"","background-repeat":"repeat","background-position":"center center","background-size":"auto","background-attachment":"scroll","background-type":"","background-media":"","overlay-type":"","overlay-color":"","overlay-opacity":"","overlay-gradient":""},"mobile":{"background-color":"var(--ast-global-color-4)","background-image":"","background-repeat":"repeat","background-position":"center center","background-size":"auto","background-attachment":"scroll","background-type":"","background-media":"","overlay-type":"","overlay-color":"","overlay-opacity":"","overlay-gradient":""}},"footnotes":""},"class_list":["post-109","page","type-page","status-publish","hentry"],"_links":{"self":[{"href":"https:\/\/edyflex.com\/ejm\/index.php?rest_route=\/wp\/v2\/pages\/109","targetHints":{"allow":["GET"]}}],"collection":[{"href":"https:\/\/edyflex.com\/ejm\/index.php?rest_route=\/wp\/v2\/pages"}],"about":[{"href":"https:\/\/edyflex.com\/ejm\/index.php?rest_route=\/wp\/v2\/types\/page"}],"author":[{"embeddable":true,"href":"https:\/\/edyflex.com\/ejm\/index.php?rest_route=\/wp\/v2\/users\/1"}],"replies":[{"embeddable":true,"href":"https:\/\/edyflex.com\/ejm\/index.php?rest_route=%2Fwp%2Fv2%2Fcomments&post=109"}],"version-history":[{"count":6,"href":"https:\/\/edyflex.com\/ejm\/index.php?rest_route=\/wp\/v2\/pages\/109\/revisions"}],"predecessor-version":[{"id":277,"href":"https:\/\/edyflex.com\/ejm\/index.php?rest_route=\/wp\/v2\/pages\/109\/revisions\/277"}],"wp:attachment":[{"href":"https:\/\/edyflex.com\/ejm\/index.php?rest_route=%2Fwp%2Fv2%2Fmedia&parent=109"}],"curies":[{"name":"wp","href":"https:\/\/api.w.org\/{rel}","templated":true}]}}